ds digit of 803603218?
0
What is the billions digit of 4103081061?
4
What is the hundred thousands digit of 1022158647?
1
What is the ten millions digit of 55253372?
5
What is the ten millions digit of 3840682756?
4
What is the hundred thousands digit of 104740076?
7
What is the units digit of 568693162?
2
What is the hundreds digit of 88550021?
0
What is the hundreds digit of 777483197?
1
What is the units digit of 235360003?
3
What is the units digit of 76482382?
2
What is the units digit of 2121645184?
4
What is the tens digit of 603192114?
1
What is the ten millions digit of 1034848159?
3
What is the tens digit of 34136268?
6
What is the hundreds digit of 176875775?
7
What is the ten thousands digit of 8949097?
4
What is the millions digit of 189532554?
9
What is the ten thousands digit of 69464671?
6
What is the millions digit of 4761135454?
1
What is the hundred thousands digit of 83737820?
7
What is the ten millions digit of 372319931?
7
What is the billions digit of 2647248864?
2
What is the ten thousands digit of 172656788?
5
What is the ten thousands digit of 20650397?
5
What is the hundred thousands digit of 40079784?
0
What is the hundreds digit of 1112890671?
6
What is the ten thousands digit of 3625062981?
6
What is the hundreds digit of 567447164?
1
What is the thousands digit of 27205136?
5
What is the ten thousands digit of 44486101?
8
What is the ten thousands digit of 47630051?
3
What is the hundred millions digit of 895231448?
8
What is the millions digit of 239478774?
9
What is the units digit of 1419220145?
5
What is the ten millions digit of 1147593013?
4
What is the thousands digit of 89436458?
6
What is the hundreds digit of 26379645?
6
What is the ten millions digit of 60092476?
6
What is the thousands digit of 21885327?
5
What is the hundred thousands digit of 5451799603?
7
What is the thousands digit of 14367388?
7
What is the units digit of 974879710?
0
What is the hundred millions digit of 752097304?
7
What is the hundreds digit of 2143540556?
5
What is the hundred thousands digit of 1168546905?
5
What is the millions digit of 611850949?
1
What is the billions digit of 4517667562?
4
What is the ten thousands digit of 763313959?
1
What is the thousands digit of 1163593598?
3
What is the hundred thousands digit of 176956217?
9
What is the thousands digit of 691073183?
3
What is the ten millions digit of 449352747?
4
What is the tens digit of 401232686?
8
What is the millions digit of 33793175?
3
What is the ten thousands digit of 1129107890?
0
What is the units digit of 226194315?
5
What is the millions digit of 1052808023?
2
What is the ten millions digit of 558364662?
5
What is the units digit of 3131163259?
9
What is the tens digit of 489543115?
1
What is the units digit of 23612963?
3
What is the tens digit of 170699084?
8
What is the millions digit of 233186964?
3
What is the tens digit of 150091579?
7
What is the ten millions digit of 27197197?
2
What is the hundred thousands digit of 541821879?
8
What is the units digit of 191185287?
7
What is the units digit of 149720200?
0
What is the thousands digit of 22684119?
4
What is the thousands digit of 20130294?
0
What is the ten thousands digit of 50423770?
2
What is the hundreds digit of 974084228?
2
What is the units digit of 393130965?
5
What is the ten thousands digit of 3399958906?
5
What is the millions digit of 346272156?
6
What is the thousands digit of 976298352?
8
What is the tens digit of 1322860321?
2
What is the thousands digit of 65686831?
6
What is the ten thousands digit of 96636379?
3
What is the hundred thousands digit of 5269106503?
1
What is the ten millions digit of 31666492?
3
What is the thousands digit of 196831618?
1
What is the hundred thousands digit of 5814838486?
8
What is the millions digit of 2166037942?
6
What is the ten thousands digit of 41039307?
3
What is the hundred thousands digit of 106044339?
0
What is the thousands digit of 839295939?
5
What is the ten millions digit of 14354228?
1
What is the tens digit of 168710918?
1
What is the ten thousands digit of 1412189338?
8
What is the millions digit of 755771956?
5
What is the units digit of 3646953068?
8
What is the units digit of 1423884?
4
What is the thousands digit of 453203428?
3
What is the ten millions digit of 122487501?
2
What is the hundred thousands digit of 23791494?
7
What is the thousands digit of 2640556672?
6
What is the hundred millions digit of 169146866?
1
What is the hundreds digit of 1779878110?
1
What is the ten thousands digit of 491206727?
0
What is the billions digit of 2571188066?
2
What is the units digit of 1687157715?
5
What is the thousands digit of 566891212?
1
What is the ten millions digit of 15070323?
1
What is the ten thousands digit of 7370195?
7
What is the tens digit of 144508465?
6
What is the units digit of 108451313?
3
What is the millions digit of 43850389?
3
What is the hundred millions digit of 7012074908?
0
What is the thousands digit of 900419762?
9
What is the ten thousands digit of 701074218?
7
What is the hundreds digit of 830330292?
2
What is the millions digit of 5509796154?
9
What is the units digit of 738464414?
4
What is the hundreds digit of 193305160?
1
What is the thousands digit of 845323029?
3
What is the hundred thousands digit of 3122677075?
6
What is the thousands digit of 94353375?
3
What is the ten millions digit of 63907172?
6
What is the ten millions digit of 3528942213?
2
What is the units digit of 1009784785?
5
What is the hundreds digit of 2230129783?
7
What is the hundred millions digit of 5282163119?
2
What is the thousands digit of 2406533033?
3
What is the tens digit of 830656892?
9
What is the thousands digit of 3468281664?
1
What is the hundred millions digit of 997584176?
9
What is the units digit of 307668348?
8
What is the hundreds digit of 256600684?
6
What is the hundred thousands digit of 160731339?
7
What is the units digit of 4996830029?
9
What is the ten thousands digit of 132409420?
0
What is the millions digit of 6079226?
6
What is the hundred millions digit of 332012273?
3
What is the ten millions digit of 2567312227?
6
What is the tens digit of 40730074?
7
What is the ten millions digit of 486208932?
8
What is the hundred millions digit of 135489970?
1
What is the hundred millions digit of 197965769?
1
What is the thousands digit of 126370205?
0
What is the tens digit of 3812601?
0
What is the ten thousands digit of 42028282?
2
What is the units digit of 89840569?
9
What is the hundred thousands digit of 617798966?
7
What is the hundreds digit of 30494886?
8
What is the tens digit of 826654829?
2
What is the tens digit of 39883087?
8
What is the hundred thousands digit of 87090094?
0
What is the hundreds digit of 36887085?
0
What is the tens digit of 63266274?
7
What is the hundreds digit of 290870755?
7
What is the ten thousands digit of 475830760?
3
What is the units digit of 56193613?
3
What is the hundreds digit of 48080510?
5
What is the ten thousands digit of 173052247?
5
What is the millions digit of 352067258?
2
What is the hundreds digit of 78741920?
9
What is the hundred thousands digit of 1294591904?
5
What is the hundred millions digit of 233367378?
2
What is the thousands digit of 4641443?
1
What is the thousands digit of 2131794054?
4
What is the millions digit of 385150610?
5
What is the hundreds digit of 45591216?
2
What is the thousands digit of 5774947?
4
What is the ten millions digit of 706261826?
0
What is the tens digit of 21769126?
2
What is the thousands digit of 11560904?
0
What is the units digit of 31391921?
1
What is the thousands digit of 560139801?
9
What is the hundred millions digit of 4483294516?
4
What is the hundred thousands digit of 150229102?
2
What is the ten thousands digit of 1038170624?
7
What is the millions digit of 1195806534?
5
What is the hundreds digit of 74004431?
4
What is the tens digit of 29636789?
8
What is the ten millions digit of 17064341?
1
What is the ten thousands digit of 7051622356?
2
What is the ten millions digit of 7133318138?
3
What is the ten millions digit of 71206933?
7
What is the millions digit of 3539828218?
9
What is the units digit of 1959688922?
2
What is the tens digit of 123900498?
9
What is the millions digit 